nits digit of 101075318?
8
What is the ten millions digit of 630009531?
3
What is the ten thousands digit of 35686284?
8
What is the units digit of 221706650?
0
What is the hundred thousands digit of 29660176?
6
What is the tens digit of 5423557937?
3
What is the hundred millions digit of 2969483919?
9
What is the units digit of 2284847134?
4
What is the thousands digit of 17656574?
6
What is the units digit of 198162064?
4
What is the thousands digit of 315846198?
6
What is the thousands digit of 1902739094?
9
What is the hundred millions digit of 2206609748?
2
What is the units digit of 145906716?
6
What is the hundreds digit of 958942819?
8
What is the tens digit of 30212096?
9
What is the ten millions digit of 398153252?
9
What is the billions digit of 2140824608?
2
What is the millions digit of 2249431?
2
What is the thousands digit of 398964371?
4
What is the millions digit of 814753014?
4
What is the millions digit of 3968646071?
8
What is the ten thousands digit of 4983164?
8
What is the hundred millions digit of 475023107?
4
What is the tens digit of 259014540?
4
What is the hundreds digit of 741939636?
6
What is the hundred millions digit of 1978387512?
9
What is the ten millions digit of 242976765?
4
What is the tens digit of 231467140?
4
What is the hundreds digit of 34739443?
4
What is the hundred thousands digit of 31851759?
8
What is the millions digit of 68616531?
8
What is the tens digit of 739471784?
8
What is the thousands digit of 22462251?
2
What is the hundreds digit of 156270791?
7
What is the tens digit of 3408688325?
2
What is the hundred thousands digit of 393420832?
4
What is the millions digit of 2509186595?
9
What is the hundred thousands digit of 92432619?
4
What is the hundred thousands digit of 809384957?
3
What is the thousands digit of 152280411?
0
What is the units digit of 3660499958?
8
What is the hundreds digit of 22794987?
9
What is the ten millions digit of 334754792?
3
What is the units digit of 727896205?
5
What is the ten millions digit of 13856387?
1
What is the thousands digit of 13293743?
3
What is the millions digit of 6894418?
6
What is the millions digit of 42913461?
2
What is the thousands digit of 1456940752?
0
What is the units digit of 2704692049?
9
What is the ten thousands digit of 1049917137?
1
What is the tens digit of 177093194?
9
What is the hundred thousands digit of 3001935820?
9
What is the units digit of 1223754442?
2
What is the ten thousands digit of 34145270?
4
What is the ten thousands digit of 7517921?
1
What is the millions digit of 711716276?
1
What is the units digit of 70746178?
8
What is the hundreds digit of 176673169?
1
What is the ten thousands digit of 3187279?
8
What is the millions digit of 192729480?
2
What is the units digit of 13696792?
2
What is the tens digit of 3999021102?
0
What is the ten millions digit of 1222234535?
2
What is the units digit of 63351301?
1
What is the ten millions digit of 29275861?
2
What is the millions digit of 510240662?
0
What is the thousands digit of 1507186885?
6
What is the thousands digit of 926394747?
4
What is the thousands digit of 2152235615?
5
What is the thousands digit of 21541039?
1
What is the millions digit of 29426378?
9
What is the hundreds digit of 1758910886?
8
What is the units digit of 115062717?
7
What is the hundred thousands digit of 111938490?
9
What is the billions digit of 2468843334?
2
What is the millions digit of 190019851?
0
What is the hundred thousands digit of 657593956?
5
What is the ten millions digit of 119395455?
1
What is the units digit of 1752530797?
7
What is the billions digit of 3268698882?
3
What is the hundred thousands digit of 6532450808?
4
What is the millions digit of 71957897?
1
What is the units digit of 82854955?
5
What is the hundred millions digit of 179006906?
1
What is the hundreds digit of 118382609?
6
What is the ten thousands digit of 3204403083?
0
What is the hundred millions digit of 297698920?
2
What is the ten millions digit of 103292512?
0
What is the hundred millions digit of 768935857?
7
What is the ten thousands digit of 7777744?
7
What is the units digit of 1144410757?
7
What is the thousands digit of 23571640?
1
What is the units digit of 306397909?
9
What is the hundred millions digit of 634906315?
6
What is the hundred millions digit of 288900119?
2
What is the units digit of 488454926?
6
What is the hundred thousands digit of 45239885?
2
What is the tens digit of 2798391032?
3
What is the hundreds digit of 74765685?
6
What is the millions digit of 610288870?
0
What is the ten thousands digit of 62621414?
2
What is the ten thousands digit of 294419578?
1
What is the millions digit of 277018520?
7
What is the hundreds digit of 862613110?
1
What is the thousands digit of 26637888?
7
What is the ten thousands digit of 169399322?
9
What is the hundred millions digit of 685769855?
6
What is the ten millions digit of 14281232?
1
What is the tens digit of 1435227552?
5
What is the ten millions digit of 40862372?
4
What is the tens digit of 22945150?
5
What is the hundreds digit of 36215099?
0
What is the ten thousands digit of 1231473808?
7
What is the thousands digit of 341519935?
9
What is the thousands digit of 544620064?
0
What is the units digit of 34188224?
4
What is the hundreds digit of 106908491?
4
What is the thousands digit of 76359571?
9
What is the millions digit of 117375179?
7
What is the millions digit of 241986575?
1
What is the ten millions digit of 2600299782?
0
What is the units digit of 1717972599?
9
What is the units digit of 686299620?
0
What is the billions digit of 5364502618?
5
What is the ten thousands digit of 75382705?
8
What is the ten millions digit of 317336347?
1
What is the units digit of 157000992?
2
What is the hundred thousands digit of 2033173119?
1
What is the hundred millions digit of 870382421?
8
What is the ten millions digit of 27228866?
2
What is the ten millions digit of 757910494?
5
What is the ten millions digit of 104195685?
0
What is the hundreds digit of 293139669?
6
What is the hundred thousands digit of 972430544?
4
What is the hundreds digit of 943170220?
2
What is the ten millions digit of 72001229?
7
What is the units digit of 66096386?
6
What is the millions digit of 55788908?
5
What is the ten thousands digit of 433721831?
2
What is the millions digit of 4423712927?
3
What is the ten millions digit of 204785825?
0
What is the units digit of 4364212489?
9
What is the tens digit of 41987823?
2
What is the thousands digit of 193707772?
7
What is the hundreds digit of 217138762?
7
What is the tens digit of 294242270?
7
What is the hundred millions digit of 127103043?
1
What is the tens digit of 44209836?
3
What is the units digit of 14698565?
5
What is the hundred thousands digit of 37519267?
5
What is the millions digit of 474948090?
4
What is the tens digit of 366074236?
3
What is the hundreds digit of 639565511?
5
What is the tens digit of 132012430?
3
What is the thousands digit of 533427218?
7
What is the ten millions digit of 1558286281?
5
What is the millions digit of 1110850475?
0
What is the ten millions digit of 164021271?
6
What is the ten millions digit of 318684158?
1
What is the millions digit of 232656568?
2
What is the units digit of 31726541?
1
What is the tens digit of 903928707?
0
What is the hundred thousands digit of 514535641?
5
What is the millions digit of 407572820?
7
What is the units digit of 233543453?
3
What is the units digit of 76822414?
4
What is the ten millions digit of 688356083?
8
What is the tens digit of 11838589?
8
What is the hundred millions digit of 990173880?
9
What is the tens digit of 442021289?
8
What is the hundreds digit of 4279867?
8
What is the ten thousands digit of 1019963810?
6
What is the tens digit of 2945824844?
4
What is the ten thousands digit of 1855866051?
6
What is the ten millions digit of 292013159?
9
What is the tens digit of 194422904?
0
What is the hundreds digit of 288806182?
1
What is the thousands digit of 78758409?
8
What is the tens digit of 9557629?
2
What is the hundreds digit of 1315471906?
9
What is the tens digit of 60047418?
1
What is the units digit of 156699227?
7
What is the hundreds digit of 1999126130?
1
What is the hundreds digit of